a composite number?
True
Is 159141305 a composite number?
True
Is 25235149 prime?
False
Is 30635833 a prime number?
True
Is 590535791 a prime number?
True
Is 2786467 prime?
False
Is 129816751 a prime number?
False
Is 10208239 a prime number?
False
Is 7314439 composite?
True
Is 6130661 a prime number?
True
Is 217487759 a prime number?
True
Is 37539685 a composite number?
True
Is 12736429 composite?
False
Is 50047027 a composite number?
True
Is 5305189 a prime number?
True
Is 2540561 a prime number?
False
Is 21730289 a prime number?
False
Is 247650721 a composite number?
True
Is 6989809 a composite number?
False
Is 10827847 a composite number?
True
Is 190921351 prime?
False
Is 360023 a composite number?
False
Is 68690222 a prime number?
False
Is 27489679 a prime number?
False
Is 1471451 composite?
True
Is 464879 prime?
True
Is 108401603 prime?
False
Is 299369 composite?
True
Is 289708291 a composite number?
False
Is 46704081 composite?
True
Is 11859269 composite?
False
Is 1170671 composite?
True
Is 20828363 a prime number?
False
Is 14462243 a composite number?
False
Is 735011 composite?
True
Is 7124171 a prime number?
True
Is 96296507 composite?
False
Is 5211421 prime?
True
Is 139177513 prime?
True
Is 8295409 prime?
False
Is 89572657 prime?
False
Is 56448163 a prime number?
True
Is 159338449 a composite number?
False
Is 3087547 a composite number?
False
Is 9264313 a composite number?
True
Is 8625787 a prime number?
True
Is 14097245 composite?
True
Is 3939713 a composite number?
False
Is 24714247 prime?
True
Is 6892477 a composite number?
False
Is 2722237 a prime number?
False
Is 2356259 prime?
True
Is 16961523 composite?
True
Is 5783713 composite?
True
Is 10234699 composite?
True
Is 8149237 a composite number?
False
Is 5005281 composite?
True
Is 3554711 composite?
False
Is 47800567 composite?
False
Is 82914787 a prime number?
False
Is 1162619 a composite number?
False
Is 460183 a prime number?
False
Is 21204739 prime?
True
Is 4376401 prime?
True
Is 41684011 a prime number?
False
Is 100281089 prime?
True
Is 55382761 a composite number?
True
Is 2038457 a composite number?
True
Is 338483 a prime number?
False
Is 1841101 a prime number?
False
Is 49098919 a prime number?
False
Is 22016693 prime?
True
Is 494369 composite?
False
Is 424559 composite?
False
Is 401743 composite?
False
Is 464909 a prime number?
True
Is 10899869 prime?
True
Is 133096967 prime?
False
Is 232187 a prime number?
True
Is 12111653 composite?
True
Is 764045 prime?
False
Is 1075741 composite?
True
Is 798871 a prime number?
True
Is 3826843 prime?
True
Is 60046417 a composite number?
True
Is 41110369 composite?
True
Is 57734311 a composite number?
True
Is 2477571 a composite number?
True
Is 3978773 composite?
False
Is 170322331 prime?
False
Is 1411637 prime?
True
Is 3094471 prime?
True
Is 529927 prime?
True
Is 63711517 composite?
True
Is 10420687 a composite number?
False
Is 10443493 a prime number?
True
Is 562949069 a composite number?
True
Is 74330803 a prime number?
True
Is 1485347 a composite number?
False
Is 29415851 prime?
False
Is 157215491 composite?
False
Is 380033 a prime number?
False
Is 27370139 composite?
False
Is 20106893 composite?
False
Is 611529 a prime number?
False
Is 70687 a prime number?
True
Is 24290954 a prime number?
False
Is 17635831 composite?
False
Is 13879493 a composite number?
True
Is 146288593 composite?
True
Is 131927401 composite?
False
Is 5888578 prime?
False
Is 415003 prime?
False
Is 452146385 prime?
False
Is 18810287 composite?
False
Is 734411189 prime?
True
Is 2301703 a composite number?
False
Is 48331363 composite?
True
Is 8130391 prime?
True
Is 330095845 a prime number?
False
Is 80797037 a prime number?
True
Is 223238417 a composite number?
False
Is 182827 a composite number?
True
Is 33923219 prime?
False
Is 27359669 prime?
False
Is 874264723 a composite number?
False
Is 91261279 composite?
True
Is 211111757 a prime number?
True
Is 1635119 composite?
False
Is 13115537 a composite number?
False
Is 2908121 prime?
False
Is 6999529 a prime number?
False
Is 291901037 composite?
True
Is 719801 a composite number?
False
Is 4034001 prime?
False
Is 67641017 a prime number?
True
Is 21914641 a prime number?
False
Is 847788439 a composite number?
True
Is 469529 prime?
True
Is 17067503 a prime number?
False
Is 568209713 a prime number?
True
Is 5090114 a composite number?
True
Is 1147051583 a composite number?
True
Is 515497 a prime number?
False
Is 1519321 prime?
False
Is 56888113 composite?
True
Is 264395 a prime number?
False
Is 2529601 a prime number?
True
Is 1674523 a prime number?
True
Is 17649953 a prime number?
False
Is 1294561 a composite number?
False
Is 1527497 prime?
True
Is 879329 composite?
True
Is 1813561 composite?
False
Is 96270081 a prime number?
False
Is 304897 a composite number?
False
Is 1309021 a prime number?
False
Is 12117767 a composite number?
True
Is 2352439 a composite number?
True
Is 369851 a prime number?
True
Is 3349399 a composite number?
True
Is 1551857 prime?
False
Is 39833657 composite?
True
Is 152527 prime?
False
Is 10481837 prime?
False
Is 369877 a composite number?
False
Is 13018183 a prime number?
True
Is 3928657 prime?
False
Is 8079067 composite?
True
Is 11306861 composite?
True
Is 51386689 a composite number?
False
Is 24117257 a prime number?
True
Is 193881577 a composite number?
True
Is 1557817 composite?
True
Is 192604949 composite?
False
Is 232881247 a prime number?
True
Is 57195542 a composite number?
True
Is 40047793 a prime number?
False
Is 5549227 prime?
False
Is 34604147 prime?
False
Is 592285402 a composite number?
True
Is 477642743 prime?
False
Is 368362 a composite number?
True
Is 2704529 composite?
False
Is 88402987 prime?
False
Is 3165133 a prime number?
True
Is 124326379 a prime number?
True
Is 24390029 a prime number?
True
Is 43136123 a prime number?
False
Is 248029 a prime number?
False
Is 56039257 prime?
True
Is 10236067 a prime number?
True
Is 1226663 a prime number?
True
Is 862901629 composite?
True
Is 440996021 a composite number?
False
Is 3596533 a composite number?
True
Is 1774499 composite?
False
Is 64570141 prime?
False
Is 1435571 prime?
True
Is 3139343 a prime number?
False
Is 2799073 a prime number?
True
Is 165870193 a prime number?
False
Is 734887 composite?
False
Is 691770599 composite?
True
Is 734249 prime?
False
Is 86789 composite?
True
Is 4490039 a composite number?
True
Is 480019933 composite?
True
Is 144103 prime?
True
Is 1055297239 prime?
False
Is 6784243 a composite number?
False
Is 752164687 a prime number?
False
Is 21674857 composite?
False
Is 1443257 a prime number?
True
Is 1924535 prime?
False
Is 104116151 a prime number?
True
Is 2588423 a prime number?
False
Is 114856081 a prime number?
True
Is 1109419 a prime number?
False
Is 169542877 prime?
False
Is 20837147 a composite number?
False
Is 24510799 composite?
True
Is 4578386 a prime number?
False
Is 64551919 a composite number?
False
Is 25162729 prime?
True
Is 20902873 a composite number?
False
Is 7622627 a prime number?
True
Is 11898059 a prime number?
True
Is 2797489 a composite number?
False
Is 13941157 a composite number?
True
Is 4766879 a composite number?
True
Is 8278 composite?
True
Is 962821 a composite number?
True
Is 9156403 composite?
False
Is 83081 prime?
False
Is 25172417 prime?
True
Is 126204839 prime?
False
Is 3016623 a prime number?
False
Is 1065037 prime?
True
Is 58597631 a prime number?
True
Is 76241543 a composite number?
True
Is 1825211 a composite number?
True
Is 1318117 a composite number?
True
Is 29935387 a composite number?
False
Is 19101709 a composite number?
True
Is 1759049 a prime number?
True
Is 198571 a composite number?
False
Is 9826759 composite?
True
Is 83139149 a composite number?
False
Is 1188337903 prime?
True
Is 65310281 a prime number?
True
Is 2361791 a prime number?
False
Is 29883395 composite?
True
Is 157063549 a composite number?
False
Is 339983395 a prime number?
False
Is 60516823 prime?
False
Is 202318579 composite?
True
Is 19303043 prime?
True
Is 38283751 a composite number?
True
Is 14723057 a composite number?
True
Is 316247 prime?
False
Is 44227433 composite?
True
Is 436962553 composite?
False
Is 233258467 prime?
False
Is 36994107 composite?
True
Is 63663869 prime?
False
Is 29090